en 887 is divided by 445.
442
What is the remainder when 957 is divided by 129?
54
What is the remainder when 2369 is divided by 71?
26
Calculate the remainder when 16428 is divided by 222.
0
Calculate the remainder when 37326 is divided by 5332.
2
What is the remainder when 11393 is divided by 37?
34
What is the remainder when 25541 is divided by 297?
296
What is the remainder when 426427 is divided by 9?
7
What is the remainder when 1515339 is divided by 70?
49
What is the remainder when 463884 is divided by 632?
628
Calculate the remainder when 99035 is divided by 99030.
5
Calculate the remainder when 161883 is divided by 22.
7
Calculate the remainder when 2208 is divided by 2176.
32
What is the remainder when 74036 is divided by 668?
556
What is the remainder when 1190 is divided by 116?
30
What is the remainder when 137857 is divided by 27?
22
What is the remainder when 14723 is divided by 1840?
3
Calculate the remainder when 29485 is divided by 105.
85
What is the remainder when 7663 is divided by 1091?
26
What is the remainder when 9166 is divided by 70?
66
Calculate the remainder when 137558 is divided by 289.
283
What is the remainder when 175 is divided by 75?
25
What is the remainder when 16516 is divided by 534?
496
Calculate the remainder when 257359 is divided by 62.
59
What is the remainder when 4491 is divided by 4260?
231
Calculate the remainder when 44398 is divided by 14783.
49
Calculate the remainder when 23575 is divided by 86.
11
What is the remainder when 2782 is divided by 694?
6
What is the remainder when 68858 is divided by 122?
50
Calculate the remainder when 6791 is divided by 522.
5
Calculate the remainder when 192028 is divided by 185.
183
Calculate the remainder when 14395 is divided by 1974.
577
Calculate the remainder when 209759 is divided by 38.
37
Calculate the remainder when 13811 is divided by 419.
403
What is the remainder when 61291 is divided by 160?
11
What is the remainder when 60978 is divided by 23?
5
Calculate the remainder when 23365 is divided by 557.
528
Calculate the remainder when 1710021 is divided by 172.
169
What is the remainder when 24689 is divided by 24687?
2
Calculate the remainder when 16396 is divided by 5455.
31
What is the remainder when 40599 is divided by 1354?
1333
What is the remainder when 172 is divided by 39?
16
What is the remainder when 330966 is divided by 7?
6
Calculate the remainder when 78973 is divided by 47.
13
What is the remainder when 164796 is divided by 2321?
5
Calculate the remainder when 1575625 is divided by 188.
185
What is the remainder when 219 is divided by 194?
25
Calculate the remainder when 1356 is divided by 201.
150
Calculate the remainder when 5395 is divided by 1913.
1569
What is the remainder when 14453 is divided by 171?
89
What is the remainder when 12554 is divided by 1993?
596
Calculate the remainder when 5094 is divided by 1172.
406
What is the remainder when 469117 is divided by 469114?
3
What is the remainder when 9299 is divided by 60?
59
Calculate the remainder when 958278 is divided by 8.
6
What is the remainder when 434098 is divided by 107?
106
What is the remainder when 11598 is divided by 57?
27
Calculate the remainder when 136 is divided by 14.
10
Calculate the remainder when 13580 is divided by 6751.
78
Calculate the remainder when 1517 is divided by 496.
29
Calculate the remainder when 1160 is divided by 370.
50
What is the remainder when 21371 is divided by 465?
446
Calculate the remainder when 36620 is divided by 469.
38
Calculate the remainder when 28545 is divided by 7095.
165
Calculate the remainder when 196370 is divided by 65455.
5
What is the remainder when 112198 is divided by 37352?
142
Calculate the remainder when 5278 is divided by 2255.
768
Calculate the remainder when 177317 is divided by 20.
17
Calculate the remainder when 279499 is divided by 130.
129
What is the remainder when 88009 is divided by 127?
125
Calculate the remainder when 43653 is divided by 116.
37
What is the remainder when 23838 is divided by 13?
9
What is the remainder when 14006 is divided by 3?
2
Calculate the remainder when 828844 is divided by 287.
275
What is the remainder when 3996 is divided by 21?
6
Calculate the remainder when 265503 is divided by 132732.
39
Calculate the remainder when 224313 is divided by 19.
18
Calculate the remainder when 36161 is divided by 73.
26
What is the remainder when 4864 is divided by 167?
21
What is the remainder when 45110 is divided by 146?
142
What is the remainder when 8517 is divided by 324?
93
Calculate the remainder when 858 is divided by 609.
249
What is the remainder when 108356 is divided by 1389?
14
Calculate the remainder when 137503 is divided by 110.
3
What is the remainder when 2 is divided by 2?
0
What is the remainder when 4447 is divided by 888?
7
What is the remainder when 36254 is divided by 6?
2
What is the remainder when 115889 is divided by 21?
11
Calculate the remainder when 7777 is divided by 111.
7
Calculate the remainder when 8618 is divided by 226.
30
What is the remainder when 5513758 is divided by 224?
222
Calculate the remainder when 27462 is divided by 2746.
2
Calculate the remainder when 5687 is divided by 73.
66
What is the remainder when 987187 is divided by 85?
82
What is the remainder when 52372 is divided by 18?
10
Calculate the remainder when 133238 is divided by 30.
8
What is the remainder when 283 is divided by 23?
7
Calculate the remainder when 1150397 is divided by 16.
13
What is the remainder when 206111 is divided by 63?
38
What is the remainder when 10232 is divided by 7?
5
What is the remainder when 19079 is divided by 72?
71
What is the remainder when 3669 is divided by 773?
577
Calculate the remainder when 22602 is divided by 6.
0
What is the remainder when 215901 is divided by 124?
17
What is the remainder when 3739 is divided by 3697?
42
What is the remainder when 3219 is divided by 3?
0
Calculate the remainder when 3586 is divided by 3586.
0
Calculate the remainder when 2279 is divided by 1046.
187
What is the remainder when 32391 is divided by 29?
27
Calculate the remainder when 122992 is divided by 40991.
19
What is the remainder when 2711061 is divided by 71?
68
Calculate the remainder when 2414 is divided by 1024.
366
Calculate the remainder when 2026 is divided by 141.
52
What is the remainder when 5569 is divided by 2690?
189
Calculate the remainder when 163051 is divided by 124.
115
What is the remainder when 99539 is divided by 126?
125
Calculate the remainder when 2465 is divided by 611.
21
What is the remainder when 20864 is divided by 72?
56
What is the remainder when 172629 is divided by 43155?
9
Calculate the remainder when 1481 is divided by 21.
11
Calculate the remainder when 249207 is divided by 2651.
13
Calculate the remainder when 391335 is divided by 88.
87
What is the remainder when 1194 is divided by 230?
44
What is the remainder when 24460 is divided by 139?
135
Calculate the remainder when 1374 is divided by 43.
41
What is the remainder when 4400 is divided by 1085?
60
What is the remainder when 7002 is divided by 413?
394
What is the remainder when 2659095 is divided by 467?
464
Calculate the remainder when 429631 is divided by 392.
391
Calculate the remainder when 4998 is divided by 25.
23
What is the remainder when 24162 is divided by 805?
12
What is the remainder when 12181 is divided by 2434?
11
What is the remainder when 4318 is divided by 49?
6
Calculate the remainder when 656608 is divided by 645.
643
Calculate the remainder when 151035 is divided by 29.
3
Calculate the remainder when 1541 is divided by 128.
5
Calculate the remainder when 569530 is divided by 17.
13
What is the remainder when 91289 is divided by 179?
178
What is the remainder when 37013 is divided by 597?
596
Calculate the remainder when 39512 is divided by 858.
44
What is the remainder when 2580 is divided by 181?
46
What is the remainder when 14483 is divided by 53?
14
Calculate the remainder when 1845 is divided by 6.
3
What is the remainder when 870319 is divided by 127?
115
Calculate the remainder when 23057 is divided by 9.
8
What is the remainder when 188159 is divided by 80?
79
What is the remainder when 303 is divided by 48?
15
What is the remaind